Last updated on 2025-05-21 05:51:49 CEST.
Flavor | Version | Tinstall | Tcheck | Ttotal | Status | Flags |
---|---|---|---|---|---|---|
r-devel-linux-x86_64-debian-clang | 2024.1.21 | 4.74 | 144.12 | 148.86 | NOTE | |
r-devel-linux-x86_64-debian-gcc | 2024.1.21 | 4.05 | 93.92 | 97.97 | NOTE | |
r-devel-linux-x86_64-fedora-clang | 2025.5.20 | 234.73 | OK | |||
r-devel-linux-x86_64-fedora-gcc | 2025.5.20 | 239.46 | OK | |||
r-devel-windows-x86_64 | 2024.1.21 | 8.00 | 168.00 | 176.00 | OK | |
r-patched-linux-x86_64 | 2024.1.21 | 6.98 | 135.40 | 142.38 | OK | |
r-release-linux-x86_64 | 2024.1.21 | 4.99 | 134.17 | 139.16 | OK | |
r-release-macos-arm64 | 2025.5.20 | 82.00 | OK | |||
r-release-macos-x86_64 | 2025.5.20 | 185.00 | OK | |||
r-release-windows-x86_64 | 2025.5.20 | 8.00 | 157.00 | 165.00 | OK | |
r-oldrel-macos-arm64 | 2025.5.20 | 103.00 | OK | |||
r-oldrel-macos-x86_64 | 2025.5.20 | 163.00 | OK | |||
r-oldrel-windows-x86_64 | 2024.1.21 | 9.00 | 185.00 | 194.00 | OK |
Version: 2024.1.21
Check: CRAN incoming feasibility
Result: NOTE
Maintainer: ‘Toby Dylan Hocking <toby.hocking@r-project.org>’
No Authors@R field in DESCRIPTION.
Please add one, modifying
Authors@R: person(given = c("Toby", "Dylan"),
family = "Hocking",
role = c("aut", "cre"),
email = "toby.hocking@r-project.org")
as necessary.
Flavors: r-devel-linux-x86_64-debian-clang, r-devel-linux-x86_64-debian-gcc