CRAN Package Check Results for Package doc2vec

Last updated on 2025-05-06 05:50:39 CEST.

Flavor Version Tinstall Tcheck Ttotal Status Flags
r-devel-linux-x86_64-debian-clang 0.2.0 56.77 41.66 98.43 NOTE
r-devel-linux-x86_64-debian-gcc 0.2.0 40.16 32.40 72.56 NOTE
r-devel-linux-x86_64-fedora-clang 0.2.0 197.79 NOTE
r-devel-linux-x86_64-fedora-gcc 0.2.0 204.49 NOTE
r-devel-windows-x86_64 0.2.0 64.00 84.00 148.00 NOTE
r-patched-linux-x86_64 0.2.0 57.20 41.22 98.42 NOTE
r-release-linux-x86_64 0.2.0 57.40 39.80 97.20 NOTE
r-release-macos-arm64 0.2.0 56.00 NOTE
r-release-macos-x86_64 0.2.0 77.00 NOTE
r-release-windows-x86_64 0.2.0 62.00 83.00 145.00 NOTE
r-oldrel-macos-arm64 0.2.0 56.00 NOTE
r-oldrel-macos-x86_64 0.2.0 76.00 NOTE
r-oldrel-windows-x86_64 0.2.0 61.00 99.00 160.00 NOTE

Check Details

Version: 0.2.0
Check: CRAN incoming feasibility
Result: NOTE Maintainer: ‘Jan Wijffels <jwijffels@bnosac.be>’ The Description field contains available at <arXiv:1405.4053>. The package also provides an Topics' by D. Angelov available at <arXiv:2008.09470>. Please refer to arXiv e-prints via their arXiv DOI <doi:10.48550/arXiv.YYMM.NNNNN>. Flavors: r-devel-linux-x86_64-debian-clang, r-devel-linux-x86_64-debian-gcc

Version: 0.2.0
Check: C++ specification
Result: NOTE Specified C++11: please drop specification unless essential Flavors: r-devel-linux-x86_64-debian-clang, r-devel-linux-x86_64-debian-gcc, r-devel-linux-x86_64-fedora-clang, r-devel-linux-x86_64-fedora-gcc, r-devel-windows-x86_64, r-patched-linux-x86_64, r-release-linux-x86_64, r-release-macos-arm64, r-release-macos-x86_64, r-release-windows-x86_64, r-oldrel-macos-arm64, r-oldrel-macos-x86_64, r-oldrel-windows-x86_64

Version: 0.2.0
Check: installed package size
Result: NOTE installed size is 7.2Mb sub-directories of 1Mb or more: data 4.8Mb libs 2.3Mb Flavors: r-oldrel-macos-arm64, r-oldrel-macos-x86_64, r-oldrel-windows-x86_64