CRAN Package Check Results for Package dsample

Last updated on 2025-11-24 04:49:53 CET.

Flavor Version Tinstall Tcheck Ttotal Status Flags
r-devel-linux-x86_64-debian-clang 0.91.3.4 1.48 32.71 34.19 OK
r-devel-linux-x86_64-debian-gcc 0.91.3.4 1.44 26.12 27.56 OK
r-devel-linux-x86_64-fedora-clang 0.91.3.4 52.51 NOTE
r-devel-linux-x86_64-fedora-gcc 0.91.3.4 65.65 NOTE
r-devel-windows-x86_64 0.91.3.4 3.00 61.00 64.00 OK
r-patched-linux-x86_64 0.91.3.4 1.53 31.41 32.94 OK
r-release-linux-x86_64 0.91.3.4 1.69 31.34 33.03 OK
r-release-macos-arm64 0.91.3.4 OK
r-release-macos-x86_64 0.91.3.4 1.00 45.00 46.00 OK
r-release-windows-x86_64 0.91.3.4 3.00 62.00 65.00 OK
r-oldrel-macos-arm64 0.91.3.4 OK
r-oldrel-macos-x86_64 0.91.3.4 1.00 38.00 39.00 OK
r-oldrel-windows-x86_64 0.91.3.4 4.00 62.00 66.00 OK

Check Details

Version: 0.91.3.4
Check: dependencies in R code
Result: NOTE Namespace in Imports field not imported from: ‘mnormt’ All declared Imports should be used. Flavors: r-devel-linux-x86_64-fedora-clang, r-devel-linux-x86_64-fedora-gcc