Last updated on 2025-04-29 05:50:03 CEST.
Flavor | Version | Tinstall | Tcheck | Ttotal | Status | Flags |
---|---|---|---|---|---|---|
r-devel-linux-x86_64-debian-clang | 0.1.2 | 2.55 | 32.25 | 34.80 | OK | |
r-devel-linux-x86_64-debian-gcc | 0.1.2 | 2.03 | 25.89 | 27.92 | NOTE | |
r-devel-linux-x86_64-fedora-clang | 0.1.2 | 54.62 | OK | |||
r-devel-linux-x86_64-fedora-gcc | 0.1.2 | 67.73 | OK | |||
r-devel-windows-x86_64 | 0.1.2 | 5.00 | 56.00 | 61.00 | OK | |
r-patched-linux-x86_64 | 0.1.2 | 2.86 | 32.03 | 34.89 | OK | |
r-release-linux-x86_64 | 0.1.2 | 2.33 | 32.05 | 34.38 | OK | |
r-release-macos-arm64 | 0.1.2 | 33.00 | OK | |||
r-release-macos-x86_64 | 0.1.2 | 49.00 | OK | |||
r-release-windows-x86_64 | 0.1.2 | 5.00 | 58.00 | 63.00 | OK | |
r-oldrel-macos-arm64 | 0.1.2 | 30.00 | OK | |||
r-oldrel-macos-x86_64 | 0.1.2 | 43.00 | OK | |||
r-oldrel-windows-x86_64 | 0.1.2 | 5.00 | 60.00 | 65.00 | OK |
Version: 0.1.2
Check: CRAN incoming feasibility
Result: NOTE
Maintainer: ‘Vathy M. Kamulete <vathymut@gmail.com>’
The Description field contains
<arXiv:1908.04000>. Modern notions of outlyingness such as trust scores
Please refer to arXiv e-prints via their arXiv DOI <doi:10.48550/arXiv.YYMM.NNNNN>.
Flavor: r-devel-linux-x86_64-debian-gcc