Last updated on 2025-11-26 04:50:13 CET.
| Flavor | Version | Tinstall | Tcheck | Ttotal | Status | Flags |
|---|---|---|---|---|---|---|
| r-devel-linux-x86_64-debian-clang | 1.3.4 | 0.35 | 3.66 | 4.01 | ERROR | |
| r-devel-linux-x86_64-debian-gcc | 1.3.4 | 0.28 | 2.77 | 3.05 | ERROR | |
| r-devel-linux-x86_64-fedora-clang | 1.3.4 | 3.11 | ERROR | |||
| r-devel-linux-x86_64-fedora-gcc | 1.3.4 | 2.83 | ERROR | |||
| r-devel-windows-x86_64 | 1.3.4 | 14.00 | 217.00 | 231.00 | OK | |
| r-patched-linux-x86_64 | 1.3.4 | 8.47 | 236.44 | 244.91 | OK | |
| r-release-linux-x86_64 | 1.3.4 | 7.68 | 232.27 | 239.95 | OK | |
| r-release-macos-arm64 | 1.3.4 | OK | ||||
| r-release-macos-x86_64 | 1.3.4 | 7.00 | 201.00 | 208.00 | OK | |
| r-release-windows-x86_64 | 1.3.4 | 11.00 | 216.00 | 227.00 | OK | |
| r-oldrel-macos-arm64 | 1.3.4 | OK | ||||
| r-oldrel-macos-x86_64 | 1.3.4 | 8.00 | 319.00 | 327.00 | OK | |
| r-oldrel-windows-x86_64 | 1.3.4 | 16.00 | 298.00 | 314.00 | OK |
Version: 1.3.4
Check: package dependencies
Result: ERROR
Package required but not available: ‘rgee’
See section ‘The DESCRIPTION file’ in the ‘Writing R Extensions’
manual.
Flavors: r-devel-linux-x86_64-debian-clang, r-devel-linux-x86_64-debian-gcc, r-devel-linux-x86_64-fedora-clang, r-devel-linux-x86_64-fedora-gcc