Last updated on 2025-07-27 05:48:29 CEST.
Flavor | Version | Tinstall | Tcheck | Ttotal | Status | Flags |
---|---|---|---|---|---|---|
r-devel-linux-x86_64-debian-clang | 2.5.2 | 9.88 | 79.30 | 89.18 | OK | |
r-devel-linux-x86_64-debian-gcc | 2.5.2 | 8.13 | 65.91 | 74.04 | OK | |
r-devel-linux-x86_64-fedora-clang | 2.5.2 | 132.41 | OK | |||
r-devel-linux-x86_64-fedora-gcc | 2.5.2 | 134.23 | OK | |||
r-devel-windows-x86_64 | 2.5.2 | 47.00 | 120.00 | 167.00 | OK | |
r-patched-linux-x86_64 | 2.5.2 | 10.87 | 74.91 | 85.78 | OK | |
r-release-linux-x86_64 | 2.5.2 | 10.18 | 74.17 | 84.35 | OK | |
r-release-macos-arm64 | 2.5.2 | 65.00 | OK | |||
r-release-macos-x86_64 | 2.5.2 | 96.00 | OK | |||
r-release-windows-x86_64 | 2.5.2 | 42.00 | 112.00 | 154.00 | OK | |
r-oldrel-macos-arm64 | 2.5.2 | 55.00 | NOTE | |||
r-oldrel-macos-x86_64 | 2.5.2 | 95.00 | NOTE | |||
r-oldrel-windows-x86_64 | 2.5.2 | 43.00 | 127.00 | 170.00 | NOTE |
Version: 2.5.2
Check: for GNU extensions in Makefiles
Result: NOTE
GNU make is a SystemRequirements.
Flavors: r-oldrel-macos-arm64, r-oldrel-macos-x86_64, r-oldrel-windows-x86_64