Last updated on 2025-07-28 05:50:21 CEST.
Flavor | Version | Tinstall | Tcheck | Ttotal | Status | Flags |
---|---|---|---|---|---|---|
r-devel-linux-x86_64-debian-clang | 1.1.2 | 3.58 | 55.69 | 59.27 | OK | |
r-devel-linux-x86_64-debian-gcc | 1.1.2 | 2.33 | 40.76 | 43.09 | OK | |
r-devel-linux-x86_64-fedora-clang | 1.1.2 | 90.54 | OK | |||
r-devel-linux-x86_64-fedora-gcc | 1.1.2 | 119.85 | OK | |||
r-devel-windows-x86_64 | 1.1.2 | 5.00 | 90.00 | 95.00 | OK | |
r-patched-linux-x86_64 | 1.1.2 | 4.16 | 50.62 | 54.78 | OK | |
r-release-linux-x86_64 | 1.1.2 | 3.26 | 50.68 | 53.94 | OK | |
r-release-macos-arm64 | 1.1.2 | 62.00 | OK | |||
r-release-macos-x86_64 | 1.1.2 | 90.00 | OK | |||
r-release-windows-x86_64 | 1.1.2 | 4.00 | 77.00 | 81.00 | OK | |
r-oldrel-macos-arm64 | 1.1.2 | 43.00 | NOTE | |||
r-oldrel-macos-x86_64 | 1.1.2 | 66.00 | NOTE | |||
r-oldrel-windows-x86_64 | 1.1.2 | 7.00 | 93.00 | 100.00 | NOTE |
Version: 1.1.2
Check: package dependencies
Result: NOTE
Package which this enhances but not available for checking: ‘gurobi’
Flavors: r-oldrel-macos-arm64, r-oldrel-macos-x86_64, r-oldrel-windows-x86_64