CRAN Package Check Results for Package ed50simulation

Last updated on 2025-11-24 04:49:54 CET.

Flavor Version Tinstall Tcheck Ttotal Status Flags
r-devel-linux-x86_64-debian-clang 0.1.1 1.77 26.31 28.08 NOTE
r-devel-linux-x86_64-debian-gcc 0.1.1 1.73 20.03 21.76 NOTE
r-devel-linux-x86_64-fedora-clang 0.1.1 42.54 OK
r-devel-linux-x86_64-fedora-gcc 0.1.1 40.32 OK
r-devel-windows-x86_64 0.1.1 5.00 43.00 48.00 OK
r-patched-linux-x86_64 0.1.1 2.51 24.05 26.56 OK
r-release-linux-x86_64 0.1.1 2.53 24.38 26.91 OK
r-release-macos-arm64 0.1.1 OK
r-release-macos-x86_64 0.1.1 2.00 27.00 29.00 OK
r-release-windows-x86_64 0.1.1 3.00 53.00 56.00 OK
r-oldrel-macos-arm64 0.1.1 OK
r-oldrel-macos-x86_64 0.1.1 2.00 22.00 24.00 OK
r-oldrel-windows-x86_64 0.1.1 3.00 49.00 52.00 OK

Check Details

Version: 0.1.1
Check: CRAN incoming feasibility
Result: NOTE Maintainer: ‘Fengru Wang <wangfr@whu.edu.cn>’ No Authors@R field in DESCRIPTION. Please add one, modifying Authors@R: c(person(given = "Fengru", family = "Wang", role = c("aut", "cre"), email = "wangfr@whu.edu.cn"), person(given = "Yongbo", family = "Gan", role = "aut"), person(given = "Zhijian", family = "Yang", role = "aut"), person(given = "Wei", family = "Mei", role = "aut")) as necessary. Flavors: r-devel-linux-x86_64-debian-clang, r-devel-linux-x86_64-debian-gcc