Last updated on 2025-04-17 05:49:41 CEST.
Flavor | Version | Tinstall | Tcheck | Ttotal | Status | Flags |
---|---|---|---|---|---|---|
r-devel-linux-x86_64-debian-clang | 1.0.4 | 24.50 | 31.18 | 55.68 | NOTE | |
r-devel-linux-x86_64-debian-gcc | 1.0.4 | 18.53 | 24.81 | 43.34 | NOTE | |
r-devel-linux-x86_64-fedora-clang | 1.0.4 | 97.63 | NOTE | |||
r-devel-linux-x86_64-fedora-gcc | 1.0.4 | 110.59 | NOTE | |||
r-devel-windows-x86_64 | 1.0.4 | 31.00 | 70.00 | 101.00 | NOTE | |
r-patched-linux-x86_64 | 1.0.4 | 25.33 | 29.67 | 55.00 | NOTE | |
r-release-linux-x86_64 | 1.0.4 | 24.70 | 29.67 | 54.37 | NOTE | |
r-release-macos-arm64 | 1.0.4 | 36.00 | NOTE | |||
r-release-macos-x86_64 | 1.0.4 | 64.00 | NOTE | |||
r-release-windows-x86_64 | 1.0.4 | 30.00 | 73.00 | 103.00 | NOTE | |
r-oldrel-macos-arm64 | 1.0.4 | 35.00 | NOTE | |||
r-oldrel-macos-x86_64 | 1.0.4 | 49.00 | NOTE | |||
r-oldrel-windows-x86_64 | 1.0.4 | 35.00 | 81.00 | 116.00 | NOTE |
Version: 1.0.4
Check: C++ specification
Result: NOTE
Specified C++11: please drop specification unless essential
Flavors: r-devel-linux-x86_64-debian-clang, r-devel-linux-x86_64-debian-gcc, r-devel-linux-x86_64-fedora-clang, r-devel-linux-x86_64-fedora-gcc, r-devel-windows-x86_64, r-patched-linux-x86_64, r-release-linux-x86_64, r-release-macos-arm64, r-release-macos-x86_64, r-release-windows-x86_64, r-oldrel-macos-arm64, r-oldrel-macos-x86_64, r-oldrel-windows-x86_64