CRAN Package Check Results for Package erify

Last updated on 2025-10-09 05:50:54 CEST.

Flavor Version Tinstall Tcheck Ttotal Status Flags
r-devel-linux-x86_64-debian-clang 0.6.0 2.03 30.17 32.20 NOTE
r-devel-linux-x86_64-debian-gcc 0.6.0 1.48 23.59 25.07 NOTE
r-devel-linux-x86_64-fedora-clang 0.6.0 48.99 OK
r-devel-linux-x86_64-fedora-gcc 0.6.0 59.47 OK
r-devel-windows-x86_64 0.6.0 5.00 51.00 56.00 OK
r-patched-linux-x86_64 0.6.0 2.35 26.91 29.26 OK
r-release-linux-x86_64 0.6.0 1.73 26.90 28.63 OK
r-release-macos-arm64 0.6.0 59.00 OK
r-release-macos-x86_64 0.6.0 43.00 OK
r-release-windows-x86_64 0.6.0 5.00 51.00 56.00 OK
r-oldrel-macos-arm64 0.6.0 50.00 OK
r-oldrel-macos-x86_64 0.6.0 88.00 OK
r-oldrel-windows-x86_64 0.6.0 4.00 59.00 63.00 OK

Check Details

Version: 0.6.0
Check: CRAN incoming feasibility
Result: NOTE Maintainer: ‘Renfei Mao <renfeimao@gmail.com>’ No Authors@R field in DESCRIPTION. Please add one, modifying Authors@R: person(given = "Renfei", family = "Mao", role = c("aut", "cre"), email = "renfeimao@gmail.com") as necessary. Flavors: r-devel-linux-x86_64-debian-clang, r-devel-linux-x86_64-debian-gcc