Last updated on 2025-07-20 05:48:22 CEST.
Flavor | Version | Tinstall | Tcheck | Ttotal | Status | Flags |
---|---|---|---|---|---|---|
r-devel-linux-x86_64-debian-clang | 1.0.1 | 2.81 | 35.75 | 38.56 | NOTE | |
r-devel-linux-x86_64-debian-gcc | 1.0.1 | 1.98 | 25.52 | 27.50 | NOTE | |
r-devel-linux-x86_64-fedora-clang | 1.0.1 | 56.85 | OK | |||
r-devel-linux-x86_64-fedora-gcc | 1.0.1 | 56.92 | OK | |||
r-devel-windows-x86_64 | 1.0.1 | 4.00 | 55.00 | 59.00 | OK | |
r-patched-linux-x86_64 | 1.0.1 | 3.33 | 32.66 | 35.99 | OK | |
r-release-linux-x86_64 | 1.0.1 | 2.72 | 32.39 | 35.11 | OK | |
r-release-macos-arm64 | 1.0.1 | 21.00 | OK | |||
r-release-macos-x86_64 | 1.0.1 | 39.00 | OK | |||
r-release-windows-x86_64 | 1.0.1 | 3.00 | 55.00 | 58.00 | OK | |
r-oldrel-macos-arm64 | 1.0.1 | 21.00 | OK | |||
r-oldrel-macos-x86_64 | 1.0.1 | 31.00 | OK | |||
r-oldrel-windows-x86_64 | 1.0.1 | 5.00 | 66.00 | 71.00 | OK |
Version: 1.0.1
Check: CRAN incoming feasibility
Result: NOTE
Maintainer: ‘Peter W. MacDonald <pwmacdon@umich.edu>’
The Description field contains
Zhu and Levina (2022+) <arXiv:2210.07491>.
Please refer to arXiv e-prints via their arXiv DOI <doi:10.48550/arXiv.YYMM.NNNNN>.
Flavors: r-devel-linux-x86_64-debian-clang, r-devel-linux-x86_64-debian-gcc