CRAN Package Check Results for Package fastRG

Last updated on 2025-07-28 05:50:22 CEST.

Flavor Version Tinstall Tcheck Ttotal Status Flags
r-devel-linux-x86_64-debian-clang 0.3.2 10.79 128.77 139.56 NOTE
r-devel-linux-x86_64-debian-gcc 0.3.3 7.44 88.50 95.94 OK
r-devel-linux-x86_64-fedora-clang 0.3.3 216.56 OK
r-devel-linux-x86_64-fedora-gcc 0.3.3 205.41 OK
r-devel-windows-x86_64 0.3.3 13.00 132.00 145.00 OK
r-patched-linux-x86_64 0.3.2 9.81 118.86 128.67 NOTE
r-release-linux-x86_64 0.3.3 10.78 116.30 127.08 OK
r-release-macos-arm64 0.3.3 64.00 OK
r-release-macos-x86_64 0.3.3 133.00 OK
r-release-windows-x86_64 0.3.3 12.00 127.00 139.00 OK
r-oldrel-macos-arm64 0.3.3 60.00 OK
r-oldrel-macos-x86_64 0.3.3 146.00 OK
r-oldrel-windows-x86_64 0.3.3 17.00 159.00 176.00 OK

Check Details

Version: 0.3.2
Check: Rd cross-references
Result: NOTE Found the following Rd file(s) with Rd \link{} targets missing package anchors: directed_erdos_renyi.Rd: Matrix directed_factor_model.Rd: Matrix erdos_renyi.Rd: Matrix undirected_factor_model.Rd: Matrix Please provide package anchors for all Rd \link{} targets not in the package itself and the base packages. Flavors: r-devel-linux-x86_64-debian-clang, r-patched-linux-x86_64