Last updated on 2025-07-27 05:48:30 CEST.
Flavor | Version | Tinstall | Tcheck | Ttotal | Status | Flags |
---|---|---|---|---|---|---|
r-devel-linux-x86_64-debian-clang | 1.0.1 | 3.81 | 24.16 | 27.97 | NOTE | |
r-devel-linux-x86_64-debian-gcc | 1.0.1 | 3.08 | 19.42 | 22.50 | NOTE | |
r-devel-linux-x86_64-fedora-clang | 1.0.1 | 44.28 | OK | |||
r-devel-linux-x86_64-fedora-gcc | 1.0.1 | 45.05 | OK | |||
r-devel-windows-x86_64 | 1.0.1 | 6.00 | 45.00 | 51.00 | OK | |
r-patched-linux-x86_64 | 1.0.1 | 4.21 | 22.76 | 26.97 | OK | |
r-release-linux-x86_64 | 1.0.1 | 3.69 | 22.97 | 26.66 | OK | |
r-release-macos-arm64 | 1.0.1 | 19.00 | OK | |||
r-release-macos-x86_64 | 1.0.1 | 36.00 | OK | |||
r-release-windows-x86_64 | 1.0.1 | 7.00 | 48.00 | 55.00 | OK | |
r-oldrel-macos-arm64 | 1.0.1 | 17.00 | OK | |||
r-oldrel-macos-x86_64 | 1.0.1 | 31.00 | OK | |||
r-oldrel-windows-x86_64 | 1.0.1 | 8.00 | 43.00 | 51.00 | OK |
Version: 1.0.1
Check: CRAN incoming feasibility
Result: NOTE
Maintainer: ‘Stefan Kloessner <S.Kloessner@mx.uni-saarland.de>’
Package CITATION file contains call(s) to old-style citEntry(). Please
use bibentry() instead.
Flavors: r-devel-linux-x86_64-debian-clang, r-devel-linux-x86_64-debian-gcc