Last updated on 2025-11-24 04:49:55 CET.
| Flavor | Version | Tinstall | Tcheck | Ttotal | Status | Flags |
|---|---|---|---|---|---|---|
| r-devel-linux-x86_64-debian-clang | 0.3.4 | 2.75 | 33.25 | 36.00 | OK | |
| r-devel-linux-x86_64-debian-gcc | 0.3.4 | 1.71 | 26.01 | 27.72 | OK | |
| r-devel-linux-x86_64-fedora-clang | 0.3.4 | 12.00 | 43.04 | 55.04 | NOTE | |
| r-devel-linux-x86_64-fedora-gcc | 0.3.4 | 13.00 | 55.28 | 68.28 | NOTE | |
| r-devel-windows-x86_64 | 0.3.4 | 8.00 | 49.00 | 57.00 | OK | |
| r-patched-linux-x86_64 | 0.3.4 | 3.18 | 29.52 | 32.70 | OK | |
| r-release-linux-x86_64 | 0.3.4 | 3.05 | 28.95 | 32.00 | OK | |
| r-release-macos-arm64 | 0.3.4 | OK | ||||
| r-release-macos-x86_64 | 0.3.4 | 4.00 | 47.00 | 51.00 | OK | |
| r-release-windows-x86_64 | 0.3.4 | 5.00 | 58.00 | 63.00 | OK | |
| r-oldrel-macos-arm64 | 0.3.4 | OK | ||||
| r-oldrel-macos-x86_64 | 0.3.4 | 4.00 | 65.00 | 69.00 | OK | |
| r-oldrel-windows-x86_64 | 0.3.4 | 4.00 | 56.00 | 60.00 | OK |
Version: 0.3.4
Check: dependencies in R code
Result: NOTE
Namespaces in Imports field not imported from:
‘collapse’ ‘data.table’ ‘kit’ ‘magrittr’
All declared Imports should be used.
Flavors: r-devel-linux-x86_64-fedora-clang, r-devel-linux-x86_64-fedora-gcc