CRAN Package Check Results for Package finch

Last updated on 2025-05-21 05:51:51 CEST.

Flavor Version Tinstall Tcheck Ttotal Status Flags
r-devel-linux-x86_64-debian-clang 0.4.0 6.38 52.18 58.56 OK
r-devel-linux-x86_64-debian-gcc 0.4.0 4.73 38.28 43.01 OK
r-devel-linux-x86_64-fedora-clang 0.4.0 90.47 OK
r-devel-linux-x86_64-fedora-gcc 0.4.0 85.66 OK
r-devel-windows-x86_64 0.4.0 9.00 87.00 96.00 OK
r-patched-linux-x86_64 0.4.0 5.57 48.20 53.77 OK
r-release-linux-x86_64 0.4.0 5.81 48.57 54.38 OK
r-release-macos-arm64 0.4.0 45.00 OK
r-release-macos-x86_64 0.4.0 66.00 OK
r-release-windows-x86_64 0.4.0 9.00 79.00 88.00 OK
r-oldrel-macos-arm64 0.4.0 28.00 NOTE
r-oldrel-macos-x86_64 0.4.0 60.00 NOTE
r-oldrel-windows-x86_64 0.4.0 10.00 77.00 87.00 NOTE

Check Details

Version: 0.4.0
Check: LazyData
Result: NOTE 'LazyData' is specified without a 'data' directory Flavors: r-oldrel-macos-arm64, r-oldrel-macos-x86_64, r-oldrel-windows-x86_64