Last updated on 2025-05-24 05:51:05 CEST.
Flavor | Version | Tinstall | Tcheck | Ttotal | Status | Flags |
---|---|---|---|---|---|---|
r-devel-linux-x86_64-debian-clang | 0.2.0 | 2.19 | 28.95 | 31.14 | NOTE | |
r-devel-linux-x86_64-debian-gcc | 0.2.0 | 1.63 | 23.43 | 25.06 | NOTE | |
r-devel-linux-x86_64-fedora-clang | 0.2.0 | 49.77 | OK | |||
r-devel-linux-x86_64-fedora-gcc | 0.2.0 | 61.45 | OK | |||
r-devel-windows-x86_64 | 0.2.0 | 3.00 | 131.00 | 134.00 | OK | |
r-patched-linux-x86_64 | 0.2.0 | 2.20 | 27.68 | 29.88 | OK | |
r-release-linux-x86_64 | 0.2.0 | 1.85 | 27.81 | 29.66 | OK | |
r-release-macos-arm64 | 0.2.0 | 26.00 | OK | |||
r-release-macos-x86_64 | 0.2.0 | 49.00 | OK | |||
r-release-windows-x86_64 | 0.2.0 | 5.00 | 107.00 | 112.00 | OK | |
r-oldrel-macos-arm64 | 0.2.0 | 26.00 | OK | |||
r-oldrel-macos-x86_64 | 0.2.0 | 49.00 | OK | |||
r-oldrel-windows-x86_64 | 0.2.0 | 5.00 | 69.00 | 74.00 | OK |
Version: 0.2.0
Check: CRAN incoming feasibility
Result: NOTE
Maintainer: ‘Benoit Gauzens <benoit.gauzens@gmail.com>’
No Authors@R field in DESCRIPTION.
Please add one, modifying
Authors@R: person(given = "Benoit",
family = "Gauzens",
role = c("aut", "cre"),
email = "benoit.gauzens@gmail.com")
as necessary.
Flavors: r-devel-linux-x86_64-debian-clang, r-devel-linux-x86_64-debian-gcc