Last updated on 2025-07-28 05:50:23 CEST.
Flavor | Version | Tinstall | Tcheck | Ttotal | Status | Flags |
---|---|---|---|---|---|---|
r-devel-linux-x86_64-debian-clang | 0.2.0 | 80.40 | 40.48 | 120.88 | OK | |
r-devel-linux-x86_64-debian-gcc | 0.2.0 | 70.44 | 40.33 | 110.77 | OK | |
r-devel-linux-x86_64-fedora-clang | 0.2.0 | 210.45 | OK | |||
r-devel-linux-x86_64-fedora-gcc | 0.2.0 | 248.36 | OK | |||
r-devel-windows-x86_64 | 0.2.0 | 88.00 | 97.00 | 185.00 | OK | |
r-patched-linux-x86_64 | 0.2.0 | 92.86 | 50.37 | 143.23 | OK | |
r-release-linux-x86_64 | 0.2.0 | 92.19 | 49.42 | 141.61 | OK | |
r-release-macos-arm64 | 0.2.0 | 106.00 | OK | |||
r-release-macos-x86_64 | 0.2.0 | 99.00 | OK | |||
r-release-windows-x86_64 | 0.2.0 | 86.00 | 82.00 | 168.00 | OK | |
r-oldrel-macos-arm64 | 0.2.0 | 66.00 | NOTE | |||
r-oldrel-macos-x86_64 | 0.2.0 | 90.00 | NOTE | |||
r-oldrel-windows-x86_64 | 0.2.0 | 102.00 | 100.00 | 202.00 | OK |
Version: 0.2.0
Check: installed package size
Result: NOTE
installed size is 32.1Mb
sub-directories of 1Mb or more:
libs 31.4Mb
Flavors: r-oldrel-macos-arm64, r-oldrel-macos-x86_64