CRAN Package Check Results for Package forams

Last updated on 2025-07-22 05:49:37 CEST.

Flavor Version Tinstall Tcheck Ttotal Status Flags
r-devel-linux-x86_64-debian-clang 2.0-6 6.39 58.81 65.20 NOTE
r-devel-linux-x86_64-debian-gcc 2.0-6 5.87 45.08 50.95 NOTE
r-devel-linux-x86_64-fedora-clang 2.0-6 99.51 OK
r-devel-linux-x86_64-fedora-gcc 2.0-6 95.36 OK
r-devel-windows-x86_64 2.0-6 7.00 70.00 77.00 OK
r-patched-linux-x86_64 2.0-6 7.52 57.07 64.59 OK
r-release-linux-x86_64 2.0-6 6.27 56.54 62.81 OK
r-release-macos-arm64 2.0-6 35.00 OK
r-release-macos-x86_64 2.0-6 65.00 OK
r-release-windows-x86_64 2.0-6 8.00 73.00 81.00 OK
r-oldrel-macos-arm64 2.0-6 32.00 OK
r-oldrel-macos-x86_64 2.0-6 45.00 OK
r-oldrel-windows-x86_64 2.0-6 10.00 87.00 97.00 OK

Check Details

Version: 2.0-6
Check: CRAN incoming feasibility
Result: NOTE Maintainer: ‘Rodrigo Aluizio <r.aluizio@gmail.com>’ No Authors@R field in DESCRIPTION. Please add one, modifying Authors@R: person(given = "Rodrigo", family = "Aluizio", role = c("aut", "cre"), email = "r.aluizio@gmail.com") as necessary. Flavors: r-devel-linux-x86_64-debian-clang, r-devel-linux-x86_64-debian-gcc