Last updated on 2025-04-29 05:50:05 CEST.
Flavor | Version | Tinstall | Tcheck | Ttotal | Status | Flags |
---|---|---|---|---|---|---|
r-devel-linux-x86_64-debian-clang | 0.1.2 | 6.11 | 293.58 | 299.69 | OK | |
r-devel-linux-x86_64-debian-gcc | 0.1.2 | 5.00 | 169.05 | 174.05 | NOTE | |
r-devel-linux-x86_64-fedora-clang | 0.1.2 | 476.55 | OK | |||
r-devel-linux-x86_64-fedora-gcc | 0.1.2 | 456.00 | OK | |||
r-devel-windows-x86_64 | 0.1.2 | 10.00 | 264.00 | 274.00 | OK | |
r-patched-linux-x86_64 | 0.1.2 | 5.59 | 278.35 | 283.94 | OK | |
r-release-linux-x86_64 | 0.1.2 | 5.88 | 278.93 | 284.81 | OK | |
r-release-macos-arm64 | 0.1.2 | 143.00 | OK | |||
r-release-macos-x86_64 | 0.1.2 | 247.00 | OK | |||
r-release-windows-x86_64 | 0.1.2 | 10.00 | 263.00 | 273.00 | OK | |
r-oldrel-macos-arm64 | 0.1.2 | 104.00 | OK | |||
r-oldrel-macos-x86_64 | 0.1.2 | 245.00 | OK | |||
r-oldrel-windows-x86_64 | 0.1.2 | 11.00 | 365.00 | 376.00 | OK |
Version: 0.1.2
Check: examples
Result: NOTE
Examples with CPU (user + system) or elapsed time > 5s
user system elapsed
plot_dot 5.624 0.082 7.335
plot_errorbar 5.550 0.062 6.452
table_panel 5.357 0.007 6.493
Flavor: r-devel-linux-x86_64-debian-gcc