CRAN Package Check Results for Package fracprolif

Last updated on 2025-05-04 05:49:20 CEST.

Flavor Version Tinstall Tcheck Ttotal Status Flags
r-devel-linux-x86_64-debian-clang 1.0.7 3.31 34.93 38.24 NOTE
r-devel-linux-x86_64-debian-gcc 1.0.7 2.63 25.42 28.05 NOTE
r-devel-linux-x86_64-fedora-clang 1.0.7 57.40 OK
r-devel-linux-x86_64-fedora-gcc 1.0.7 54.00 OK
r-devel-windows-x86_64 1.0.7 4.00 53.00 57.00 OK
r-patched-linux-x86_64 1.0.7 3.54 32.36 35.90 OK
r-release-linux-x86_64 OK
r-release-macos-arm64 1.0.7 22.00 OK
r-release-macos-x86_64 1.0.7 34.00 OK
r-release-windows-x86_64 1.0.7 4.00 58.00 62.00 OK
r-oldrel-macos-arm64 1.0.7 20.00 OK
r-oldrel-macos-x86_64 1.0.7 38.00 OK
r-oldrel-windows-x86_64 1.0.7 4.00 53.00 57.00 OK

Check Details

Version: 1.0.7
Check: CRAN incoming feasibility
Result: NOTE Maintainer: ‘Shawn Garbett <Shawn@Garbett.org>’ No Authors@R field in DESCRIPTION. Please add one, modifying Authors@R: c(person(given = "Shawn", family = "Garbett", role = c("aut", "cre"), email = "shawn@garbett.org"), person(given = "Darren", family = "Tyson", role = "aut")) as necessary. Found the following \keyword or \concept entries which likely give several index terms: File ‘fracprolif-package.Rd’: \keyword{ package, quiescence, growth } Flavors: r-devel-linux-x86_64-debian-clang, r-devel-linux-x86_64-debian-gcc