CRAN Package Check Results for Package franc

Last updated on 2025-05-22 05:51:02 CEST.

Flavor Version Tinstall Tcheck Ttotal Status Flags
r-devel-linux-x86_64-debian-clang 1.1.4 1.87 21.89 23.76 NOTE
r-devel-linux-x86_64-debian-gcc 1.1.4 1.69 17.73 19.42 NOTE
r-devel-linux-x86_64-fedora-clang 1.1.4 34.34 OK
r-devel-linux-x86_64-fedora-gcc 1.1.4 33.18 OK
r-devel-windows-x86_64 1.1.4 4.00 59.00 63.00 OK
r-patched-linux-x86_64 1.1.4 2.05 19.91 21.96 OK
r-release-linux-x86_64 1.1.4 1.87 19.62 21.49 OK
r-release-macos-arm64 1.1.4 17.00 OK
r-release-macos-x86_64 1.1.4 25.00 OK
r-release-windows-x86_64 1.1.4 5.00 60.00 65.00 OK
r-oldrel-macos-arm64 1.1.4 17.00 OK
r-oldrel-macos-x86_64 1.1.4 26.00 OK
r-oldrel-windows-x86_64 1.1.4 3.00 45.00 48.00 OK

Check Details

Version: 1.1.4
Check: CRAN incoming feasibility
Result: NOTE Maintainer: ‘Gábor Csárdi <csardi.gabor@gmail.com>’ No Authors@R field in DESCRIPTION. Please add one, modifying Authors@R: c(person(given = "Gabor", family = "Csardi", role = "aut"), person(given = "Titus", family = "Wormer", role = "aut"), person(given = "Maciej", family = "Ceglowski", role = "aut"), person(given = c("Jacob", "R."), family = "Rideout", role = "aut"), person(given = c("and", "Kent", "S."), family = "Johnson", role = "aut"), person(given = "Gábor", family = "Csárdi", role = "cre", email = "csardi.gabor@gmail.com")) as necessary. Flavors: r-devel-linux-x86_64-debian-clang, r-devel-linux-x86_64-debian-gcc