Last updated on 2025-10-31 04:50:47 CET.
| Flavor | Version | Tinstall | Tcheck | Ttotal | Status | Flags | 
|---|---|---|---|---|---|---|
| r-devel-linux-x86_64-debian-clang | 1.0.1 | 6.80 | 133.48 | 140.28 | NOTE | |
| r-devel-linux-x86_64-debian-gcc | 1.0.1 | 5.82 | 93.06 | 98.88 | NOTE | |
| r-devel-linux-x86_64-fedora-clang | 1.0.1 | 19.00 | 192.22 | 211.22 | OK | |
| r-devel-linux-x86_64-fedora-gcc | 1.0.1 | 17.00 | 192.17 | 209.17 | OK | |
| r-devel-windows-x86_64 | 1.0.1 | 10.00 | 137.00 | 147.00 | NOTE | |
| r-patched-linux-x86_64 | 1.0.1 | 8.87 | 127.40 | 136.27 | NOTE | |
| r-release-linux-x86_64 | 1.0.1 | 6.71 | 126.39 | 133.10 | NOTE | |
| r-release-macos-arm64 | 1.0.1 | 3.00 | 60.00 | 63.00 | OK | |
| r-release-macos-x86_64 | 1.0.1 | 7.00 | 128.00 | 135.00 | OK | |
| r-release-windows-x86_64 | 1.0.1 | 9.00 | 137.00 | 146.00 | NOTE | |
| r-oldrel-macos-arm64 | 1.0.1 | 3.00 | 59.00 | 62.00 | OK | |
| r-oldrel-macos-x86_64 | 1.0.1 | 8.00 | 90.00 | 98.00 | OK | |
| r-oldrel-windows-x86_64 | 1.0.1 | 12.00 | 185.00 | 197.00 | OK | 
Version: 1.0.1
Check: CRAN incoming feasibility
Result: NOTE
  Maintainer: ‘Kidzinski L. <lukasz.kidzinski@stanford.edu>’
  
  No Authors@R field in DESCRIPTION.
  Please add one, modifying
    Authors@R: c(person(given = "Hormann",
                        family = "S.",
                        role = "aut"),
                 person(given = "Kidzinski",
                        family = "L.",
                        role = c("aut", "cre"),
                        email = "lukasz.kidzinski@stanford.edu"))
  as necessary.
Flavors: r-devel-linux-x86_64-debian-clang, r-devel-linux-x86_64-debian-gcc
Version: 1.0.1
Check: Rd cross-references
Result: NOTE
  Found the following Rd file(s) with Rd \link{} targets missing package
  anchors:
    fts.freqdom.Rd: freqdom
  Please provide package anchors for all Rd \link{} targets not in the
  package itself and the base packages.
Flavors: r-devel-linux-x86_64-debian-clang, r-devel-linux-x86_64-debian-gcc, r-devel-windows-x86_64, r-patched-linux-x86_64, r-release-linux-x86_64, r-release-windows-x86_64
Version: 1.0.1
Check: for unstated dependencies in ‘demo’
Result: NOTE
  'library' or 'require' call not declared from: ‘tseries’
Flavors: r-devel-linux-x86_64-debian-clang, r-devel-linux-x86_64-debian-gcc, r-patched-linux-x86_64, r-release-linux-x86_64