Last updated on 2025-05-24 05:51:06 CEST.
Flavor | Version | Tinstall | Tcheck | Ttotal | Status | Flags |
---|---|---|---|---|---|---|
r-devel-linux-x86_64-debian-clang | 0.1.2 | 7.57 | 44.76 | 52.33 | OK | |
r-devel-linux-x86_64-debian-gcc | 0.1.2 | 5.39 | 30.61 | 36.00 | OK | |
r-devel-linux-x86_64-fedora-clang | 0.1.2 | 80.77 | NOTE | |||
r-devel-linux-x86_64-fedora-gcc | 0.1.2 | 75.79 | NOTE | |||
r-devel-windows-x86_64 | 0.1.2 | 12.00 | 97.00 | 109.00 | OK | |
r-patched-linux-x86_64 | 0.1.2 | 7.33 | 41.15 | 48.48 | OK | |
r-release-linux-x86_64 | 0.1.2 | 8.05 | 41.23 | 49.28 | OK | |
r-release-macos-arm64 | 0.1.2 | 33.00 | OK | |||
r-release-macos-x86_64 | 0.1.2 | 55.00 | OK | |||
r-release-windows-x86_64 | 0.1.2 | 10.00 | 80.00 | 90.00 | OK | |
r-oldrel-macos-arm64 | 0.1.2 | 26.00 | OK | |||
r-oldrel-macos-x86_64 | 0.1.2 | 41.00 | OK | |||
r-oldrel-windows-x86_64 | 0.1.2 | 11.00 | 67.00 | 78.00 | OK |
Version: 0.1.2
Check: dependencies in R code
Result: NOTE
Namespaces in Imports field not imported from:
‘bigalgebra’ ‘biganalytics’
All declared Imports should be used.
Flavors: r-devel-linux-x86_64-fedora-clang, r-devel-linux-x86_64-fedora-gcc