Last updated on 2025-11-25 04:50:12 CET.
| Flavor | Version | Tinstall | Tcheck | Ttotal | Status | Flags |
|---|---|---|---|---|---|---|
| r-devel-linux-x86_64-debian-clang | 1.0.2 | 17.60 | 144.50 | 162.10 | OK | |
| r-devel-linux-x86_64-debian-gcc | 1.0.3 | 0.30 | 2.59 | 2.89 | ERROR | |
| r-devel-linux-x86_64-fedora-clang | 1.0.3 | 3.04 | ERROR | |||
| r-devel-linux-x86_64-fedora-gcc | 1.0.3 | 2.84 | ERROR | |||
| r-devel-windows-x86_64 | 1.0.2 | 21.00 | 210.00 | 231.00 | OK | |
| r-patched-linux-x86_64 | 1.0.2 | 16.49 | 134.94 | 151.43 | OK | |
| r-release-linux-x86_64 | 1.0.2 | 17.27 | 134.44 | 151.71 | OK | |
| r-release-macos-arm64 | 1.0.3 | 7.00 | 35.00 | 42.00 | OK | |
| r-release-macos-x86_64 | 1.0.3 | 29.00 | 205.00 | 234.00 | OK | |
| r-release-windows-x86_64 | 1.0.2 | 17.00 | 169.00 | 186.00 | OK | |
| r-oldrel-macos-arm64 | 1.0.3 | 7.00 | 48.00 | 55.00 | OK | |
| r-oldrel-macos-x86_64 | 1.0.3 | 25.00 | 224.00 | 249.00 | OK | |
| r-oldrel-windows-x86_64 | 1.0.3 | 23.00 | 187.00 | 210.00 | OK |
Version: 1.0.3
Check: package dependencies
Result: ERROR
Packages required but not available: 'geojsonio', 'h3jsr', 'rgee'
See section ‘The DESCRIPTION file’ in the ‘Writing R Extensions’
manual.
Flavors: r-devel-linux-x86_64-debian-gcc, r-devel-linux-x86_64-fedora-gcc
Version: 1.0.3
Check: package dependencies
Result: ERROR
Packages required but not available: 'geojsonio', 'h3jsr', 'rgee'
Imports includes 24 non-default packages.
Importing from so many packages makes the package vulnerable to any of
them becoming unavailable. Move as many as possible to Suggests and
use conditionally.
See section ‘The DESCRIPTION file’ in the ‘Writing R Extensions’
manual.
Flavor: r-devel-linux-x86_64-fedora-clang