Last updated on 2025-07-27 05:48:31 CEST.
Flavor | Version | Tinstall | Tcheck | Ttotal | Status | Flags |
---|---|---|---|---|---|---|
r-devel-linux-x86_64-debian-clang | 0.1.1 | 18.70 | 42.21 | 60.91 | NOTE | |
r-devel-linux-x86_64-debian-gcc | 0.1.1 | 13.96 | 38.14 | 52.10 | NOTE | |
r-devel-linux-x86_64-fedora-clang | 0.1.1 | 102.95 | NOTE | |||
r-devel-linux-x86_64-fedora-gcc | 0.1.1 | 90.95 | NOTE | |||
r-devel-windows-x86_64 | 0.1.1 | 25.00 | 87.00 | 112.00 | NOTE | |
r-patched-linux-x86_64 | 0.1.1 | 19.23 | 44.37 | 63.60 | NOTE | |
r-release-linux-x86_64 | 0.1.1 | 17.56 | 43.67 | 61.23 | NOTE | |
r-release-macos-arm64 | 0.1.1 | 34.00 | NOTE | |||
r-release-macos-x86_64 | 0.1.1 | 47.00 | NOTE | |||
r-release-windows-x86_64 | 0.1.1 | 24.00 | 73.00 | 97.00 | NOTE | |
r-oldrel-macos-arm64 | 0.1.1 | 28.00 | NOTE | |||
r-oldrel-macos-x86_64 | 0.1.1 | 39.00 | NOTE | |||
r-oldrel-windows-x86_64 | 0.1.1 | 28.00 | 91.00 | 119.00 | NOTE |
Version: 0.1.1
Check: C++ specification
Result: NOTE
Specified C++11: please drop specification unless essential
Flavors: r-devel-linux-x86_64-debian-clang, r-devel-linux-x86_64-debian-gcc, r-devel-linux-x86_64-fedora-clang, r-devel-linux-x86_64-fedora-gcc, r-devel-windows-x86_64, r-patched-linux-x86_64, r-release-linux-x86_64, r-release-macos-arm64, r-release-macos-x86_64, r-release-windows-x86_64, r-oldrel-macos-arm64, r-oldrel-macos-x86_64, r-oldrel-windows-x86_64