CRAN Package Check Results for Package geoGAM

Last updated on 2025-07-21 05:51:00 CEST.

Flavor Version Tinstall Tcheck Ttotal Status Flags
r-devel-linux-x86_64-debian-clang 0.1-3 8.37 71.46 79.83 NOTE
r-devel-linux-x86_64-debian-gcc 0.1-3 5.97 52.33 58.30 NOTE
r-devel-linux-x86_64-fedora-clang 0.1-3 122.00 OK
r-devel-linux-x86_64-fedora-gcc 0.1-3 130.27 OK
r-devel-windows-x86_64 0.1-3 12.00 76.00 88.00 NOTE
r-patched-linux-x86_64 0.1-3 9.17 66.92 76.09 NOTE
r-release-linux-x86_64 0.1-3 9.08 67.69 76.77 NOTE
r-release-macos-arm64 0.1-3 39.00 OK
r-release-macos-x86_64 0.1-3 63.00 OK
r-release-windows-x86_64 0.1-3 11.00 79.00 90.00 NOTE
r-oldrel-macos-arm64 0.1-3 36.00 OK
r-oldrel-macos-x86_64 0.1-3 53.00 OK
r-oldrel-windows-x86_64 0.1-3 15.00 99.00 114.00 OK

Check Details

Version: 0.1-3
Check: Rd cross-references
Result: NOTE Found the following Rd file(s) with Rd \link{} targets missing package anchors: geoGAM.Rd: grpreg, cv.grpreg, gamboost, mboost, cvrisk, gam, polr, cv, mgcv methods.geoGAM.Rd: summary.gam, plot.gam, gam, predict.gam predict.geoGAM.Rd: predict.gam, gam Please provide package anchors for all Rd \link{} targets not in the package itself and the base packages. Flavors: r-devel-linux-x86_64-debian-clang, r-devel-linux-x86_64-debian-gcc, r-devel-windows-x86_64, r-patched-linux-x86_64, r-release-linux-x86_64, r-release-windows-x86_64