Last updated on 2024-06-18 05:57:37 CEST.
Flavor | Version | Tinstall | Tcheck | Ttotal | Status | Flags |
---|---|---|---|---|---|---|
r-devel-linux-x86_64-debian-clang | 2.0.6 | 48.36 | 724.10 | 772.46 | NOTE | |
r-devel-linux-x86_64-debian-gcc | 2.0.6 | 39.27 | 525.99 | 565.26 | NOTE | |
r-devel-linux-x86_64-fedora-clang | 2.0.6 | 936.12 | NOTE | |||
r-devel-linux-x86_64-fedora-gcc | 2.0.6 | 1240.48 | NOTE | |||
r-devel-windows-x86_64 | 2.0.6 | 41.00 | 463.00 | 504.00 | NOTE | |
r-patched-linux-x86_64 | 2.0.6 | 43.43 | 717.07 | 760.50 | NOTE | |
r-release-linux-x86_64 | 2.0.6 | 40.65 | 711.93 | 752.58 | NOTE | |
r-release-macos-arm64 | 2.0.6 | 253.00 | NOTE | |||
r-release-macos-x86_64 | 2.0.6 | 387.00 | NOTE | |||
r-release-windows-x86_64 | 2.0.6 | 40.00 | 451.00 | 491.00 | NOTE | |
r-oldrel-macos-arm64 | 2.0.6 | 256.00 | NOTE | |||
r-oldrel-macos-x86_64 | 2.0.6 | 649.00 | NOTE | |||
r-oldrel-windows-x86_64 | 2.0.6 | 50.00 | 578.00 | 628.00 | NOTE |
Version: 2.0.6
Check: package dependencies
Result: NOTE
Package suggested but not available for checking: ‘RandomFields’
Package which this enhances but not available for checking: ‘INLA’
Flavors: r-devel-linux-x86_64-debian-clang, r-devel-linux-x86_64-debian-gcc, r-patched-linux-x86_64, r-release-linux-x86_64, r-release-macos-arm64, r-release-macos-x86_64, r-oldrel-macos-arm64, r-oldrel-macos-x86_64, r-oldrel-windows-x86_64
Version: 2.0.6
Check: package dependencies
Result: NOTE
Package suggested but not available for checking: ‘RandomFields’
Flavors: r-devel-linux-x86_64-fedora-clang, r-devel-linux-x86_64-fedora-gcc, r-devel-windows-x86_64, r-release-windows-x86_64
Version: 2.0.6
Check: data for non-ASCII characters
Result: NOTE
Note: found 4 marked UTF-8 strings
Flavors: r-devel-linux-x86_64-fedora-clang, r-devel-linux-x86_64-fedora-gcc