Last updated on 2025-10-27 04:50:03 CET.
| Flavor | Version | Tinstall | Tcheck | Ttotal | Status | Flags |
|---|---|---|---|---|---|---|
| r-devel-linux-x86_64-debian-clang | 2.2.0 | 30.74 | 105.57 | 136.31 | NOTE | |
| r-devel-linux-x86_64-debian-gcc | 2.2.0 | 23.13 | 76.73 | 99.86 | NOTE | |
| r-devel-linux-x86_64-fedora-clang | 2.2.0 | 136.00 | 85.71 | 221.71 | OK | |
| r-devel-linux-x86_64-fedora-gcc | 2.2.0 | 147.00 | 72.28 | 219.28 | OK | |
| r-devel-windows-x86_64 | 2.2.0 | 30.00 | 105.00 | 135.00 | OK | |
| r-patched-linux-x86_64 | 2.2.0 | 29.07 | 98.12 | 127.19 | OK | |
| r-release-linux-x86_64 | 2.2.0 | 26.95 | 99.34 | 126.29 | OK | |
| r-release-macos-arm64 | 2.2.0 | 18.00 | 48.00 | 66.00 | OK | |
| r-release-macos-x86_64 | 2.2.0 | 33.00 | 80.00 | 113.00 | OK | |
| r-release-windows-x86_64 | 2.2.0 | 29.00 | 106.00 | 135.00 | OK | |
| r-oldrel-macos-arm64 | 2.2.0 | 17.00 | 40.00 | 57.00 | OK | |
| r-oldrel-macos-x86_64 | 2.2.0 | 23.00 | 62.00 | 85.00 | OK | |
| r-oldrel-windows-x86_64 | 2.2.0 | 39.00 | 156.00 | 195.00 | OK |
Version: 2.2.0
Check: DESCRIPTION meta-information
Result: NOTE
Author field differs from that derived from Authors@R
Author: ‘Mikko Vihtakari [aut, cre] (Institute of Marine Research, <https://orcid.org/0000-0003-0371-4319>), Roger Bivand [ctb], Hadley Wickham [ctb]’
Authors@R: ‘Mikko Vihtakari [aut, cre] (affiliation: Institute of Marine Research, ORCID: <https://orcid.org/0000-0003-0371-4319>), Roger Bivand [ctb], Hadley Wickham [ctb]’
Flavors: r-devel-linux-x86_64-debian-clang, r-devel-linux-x86_64-debian-gcc