Last updated on 2025-05-14 05:50:03 CEST.
Flavor | Version | Tinstall | Tcheck | Ttotal | Status | Flags |
---|---|---|---|---|---|---|
r-devel-linux-x86_64-debian-clang | 0.1.3 | 5.51 | 48.97 | 54.48 | OK | |
r-devel-linux-x86_64-debian-gcc | 0.1.3 | 3.73 | 34.64 | 38.37 | OK | |
r-devel-linux-x86_64-fedora-clang | 0.1.3 | 85.95 | NOTE | |||
r-devel-linux-x86_64-fedora-gcc | 0.1.3 | 85.93 | NOTE | |||
r-devel-windows-x86_64 | 0.1.3 | 10.00 | 65.00 | 75.00 | OK | |
r-patched-linux-x86_64 | 0.1.3 | 5.72 | 44.33 | 50.05 | OK | |
r-release-linux-x86_64 | 0.1.3 | 5.18 | 46.06 | 51.24 | OK | |
r-release-macos-arm64 | 0.1.3 | 29.00 | OK | |||
r-release-macos-x86_64 | 0.1.3 | 44.00 | OK | |||
r-release-windows-x86_64 | 0.1.3 | 8.00 | 64.00 | 72.00 | OK | |
r-oldrel-macos-arm64 | 0.1.3 | 26.00 | OK | |||
r-oldrel-macos-x86_64 | 0.1.3 | 38.00 | OK | |||
r-oldrel-windows-x86_64 | 0.1.3 | 9.00 | 77.00 | 86.00 | OK |
Version: 0.1.3
Check: dependencies in R code
Result: NOTE
Namespace in Imports field not imported from: ‘utils’
All declared Imports should be used.
Flavors: r-devel-linux-x86_64-fedora-clang, r-devel-linux-x86_64-fedora-gcc