Last updated on 2025-04-30 05:49:42 CEST.
Flavor | Version | Tinstall | Tcheck | Ttotal | Status | Flags |
---|---|---|---|---|---|---|
r-devel-linux-x86_64-debian-clang | 3.5.2 | 30.36 | 469.02 | 499.38 | NOTE | |
r-devel-linux-x86_64-debian-gcc | 3.5.2 | 20.06 | 309.73 | 329.79 | OK | |
r-devel-linux-x86_64-fedora-clang | 3.5.2 | 765.68 | OK | |||
r-devel-linux-x86_64-fedora-gcc | 3.5.2 | 755.82 | OK | |||
r-devel-windows-x86_64 | 3.5.2 | 32.00 | 469.00 | 501.00 | OK | |
r-patched-linux-x86_64 | 3.5.2 | 39.02 | 440.23 | 479.25 | OK | |
r-release-linux-x86_64 | 3.5.2 | 27.27 | 440.93 | 468.20 | OK | |
r-release-macos-arm64 | 3.5.2 | 136.00 | OK | |||
r-release-macos-x86_64 | 3.5.2 | 300.00 | OK | |||
r-release-windows-x86_64 | 3.5.2 | 35.00 | 472.00 | 507.00 | OK | |
r-oldrel-macos-arm64 | 3.5.2 | 148.00 | NOTE | |||
r-oldrel-macos-x86_64 | 3.5.2 | 325.00 | NOTE | |||
r-oldrel-windows-x86_64 | 3.5.2 | 42.00 | 610.00 | 652.00 | NOTE |
Version: 3.5.2
Check: examples
Result: NOTE
Examples with CPU (user + system) or elapsed time > 5s
user system elapsed
geom_boxplot 4.184 0.004 5.133
facet_grid 4.020 0.008 5.533
Flavor: r-devel-linux-x86_64-debian-clang
Version: 3.5.2
Check: installed package size
Result: NOTE
installed size is 6.5Mb
sub-directories of 1Mb or more:
R 2.0Mb
doc 2.3Mb
help 1.1Mb
Flavors: r-oldrel-macos-arm64, r-oldrel-macos-x86_64, r-oldrel-windows-x86_64