Last updated on 2025-11-26 04:50:16 CET.
| Flavor | Version | Tinstall | Tcheck | Ttotal | Status | Flags |
|---|---|---|---|---|---|---|
| r-devel-linux-x86_64-debian-clang | 0.1.3 | 9.52 | 80.24 | 89.76 | OK | |
| r-devel-linux-x86_64-debian-gcc | 0.1.3 | 6.92 | 56.44 | 63.36 | OK | |
| r-devel-linux-x86_64-fedora-clang | 0.1.3 | 52.00 | 93.33 | 145.33 | NOTE | |
| r-devel-linux-x86_64-fedora-gcc | 0.1.3 | 24.00 | 110.53 | 134.53 | NOTE | |
| r-devel-windows-x86_64 | 0.1.3 | 15.00 | 85.00 | 100.00 | OK | |
| r-patched-linux-x86_64 | 0.1.3 | 9.50 | 71.63 | 81.13 | OK | |
| r-release-linux-x86_64 | 0.1.3 | 9.88 | 71.56 | 81.44 | OK | |
| r-release-macos-arm64 | 0.1.3 | OK | ||||
| r-release-macos-x86_64 | 0.1.3 | 7.00 | 69.00 | 76.00 | OK | |
| r-release-windows-x86_64 | 0.1.3 | 13.00 | 84.00 | 97.00 | OK | |
| r-oldrel-macos-arm64 | 0.1.3 | NOTE | ||||
| r-oldrel-macos-x86_64 | 0.1.3 | 5.00 | 58.00 | 63.00 | NOTE | |
| r-oldrel-windows-x86_64 | 0.1.3 | 16.00 | 107.00 | 123.00 | NOTE |
Version: 0.1.3
Check: dependencies in R code
Result: NOTE
Namespaces in Imports field not imported from:
‘gcookbook’ ‘ggthemes’ ‘moonBook’ ‘tidyverse’
All declared Imports should be used.
Flavors: r-devel-linux-x86_64-fedora-clang, r-devel-linux-x86_64-fedora-gcc
Version: 0.1.3
Check: LazyData
Result: NOTE
'LazyData' is specified without a 'data' directory
Flavors: r-oldrel-macos-arm64, r-oldrel-macos-x86_64, r-oldrel-windows-x86_64