Last updated on 2025-05-22 05:51:03 CEST.
Flavor | Version | Tinstall | Tcheck | Ttotal | Status | Flags |
---|---|---|---|---|---|---|
r-devel-linux-x86_64-debian-clang | 2.1-2 | 5.25 | 37.59 | 42.84 | NOTE | |
r-devel-linux-x86_64-debian-gcc | 2.1-2 | 3.13 | 28.50 | 31.63 | NOTE | |
r-devel-linux-x86_64-fedora-clang | 2.1-2 | 72.31 | OK | |||
r-devel-linux-x86_64-fedora-gcc | 2.1-2 | 79.23 | OK | |||
r-devel-windows-x86_64 | 2.1-2 | 7.00 | 78.00 | 85.00 | OK | |
r-patched-linux-x86_64 | 2.1-2 | 4.34 | 35.81 | 40.15 | OK | |
r-release-linux-x86_64 | 2.1-2 | 4.01 | 36.36 | 40.37 | OK | |
r-release-macos-arm64 | 2.1-2 | 46.00 | OK | |||
r-release-macos-x86_64 | 2.1-2 | 53.00 | OK | |||
r-release-windows-x86_64 | 2.1-2 | 7.00 | 98.00 | 105.00 | OK | |
r-oldrel-macos-arm64 | 2.1-2 | 29.00 | OK | |||
r-oldrel-macos-x86_64 | 2.1-2 | 43.00 | OK | |||
r-oldrel-windows-x86_64 | 2.1-2 | 8.00 | 68.00 | 76.00 | OK |
Version: 2.1-2
Check: CRAN incoming feasibility
Result: NOTE
Maintainer: ‘Hannah O. Ajoge <ohuajo@gmail.com>’
No Authors@R field in DESCRIPTION.
Please add one, modifying
Authors@R: person(given = c("Hannah", "O."),
family = "Ajoge",
role = c("aut", "cre"),
email = "ohuajo@gmail.com")
as necessary.
Flavors: r-devel-linux-x86_64-debian-clang, r-devel-linux-x86_64-debian-gcc