Last updated on 2025-10-30 04:50:19 CET.
| Flavor | Version | Tinstall | Tcheck | Ttotal | Status | Flags | 
|---|---|---|---|---|---|---|
| r-devel-linux-x86_64-debian-clang | 2.1-4 | 3.42 | 57.03 | 60.45 | NOTE | |
| r-devel-linux-x86_64-debian-gcc | 2.1-4 | 2.30 | 41.74 | 44.04 | NOTE | |
| r-devel-linux-x86_64-fedora-clang | 2.1-4 | 16.00 | 78.57 | 94.57 | OK | |
| r-devel-linux-x86_64-fedora-gcc | 2.1-4 | 97.47 | OK | |||
| r-devel-windows-x86_64 | 2.1-4 | 4.00 | 94.00 | 98.00 | OK | |
| r-patched-linux-x86_64 | 2.1-4 | 3.28 | 53.35 | 56.63 | OK | |
| r-release-linux-x86_64 | 2.1-4 | 3.24 | 52.51 | 55.75 | OK | |
| r-release-macos-arm64 | 2.1-4 | 1.00 | 38.00 | 39.00 | OK | |
| r-release-macos-x86_64 | 2.1-4 | 3.00 | 65.00 | 68.00 | OK | |
| r-release-windows-x86_64 | 2.1-4 | 6.00 | 96.00 | 102.00 | OK | |
| r-oldrel-macos-arm64 | 2.1-4 | 1.00 | 33.00 | 34.00 | OK | |
| r-oldrel-macos-x86_64 | 2.1-4 | 4.00 | 90.00 | 94.00 | OK | |
| r-oldrel-windows-x86_64 | 2.1-4 | 6.00 | 105.00 | 111.00 | OK | 
Version: 2.1-4
Check: CRAN incoming feasibility
Result: NOTE
  Maintainer: ‘Farzad Noorian <farzad.noorian@gmail.com>’
  
  No Authors@R field in DESCRIPTION.
  Please add one, modifying
    Authors@R: c(person(given = "Farzad",
                        family = "Noorian",
                        role = c("aut", "cre"),
                        email = "farzad.noorian@gmail.com"),
                 person(given = c("Anthony", "Mihirana"),
                        family = "de Silva",
                        role = "aut"))
  as necessary.
Flavors: r-devel-linux-x86_64-debian-clang, r-devel-linux-x86_64-debian-gcc