Last updated on 2025-04-30 05:49:43 CEST.
Flavor | Version | Tinstall | Tcheck | Ttotal | Status | Flags |
---|---|---|---|---|---|---|
r-devel-linux-x86_64-debian-clang | 2.1-4 | 2.75 | 52.01 | 54.76 | NOTE | |
r-devel-linux-x86_64-debian-gcc | 2.1-4 | 2.18 | 38.54 | 40.72 | NOTE | |
r-devel-linux-x86_64-fedora-clang | 2.1-4 | 89.13 | OK | |||
r-devel-linux-x86_64-fedora-gcc | 2.1-4 | 100.51 | OK | |||
r-devel-windows-x86_64 | 2.1-4 | 5.00 | 103.00 | 108.00 | OK | |
r-patched-linux-x86_64 | 2.1-4 | 3.71 | 49.71 | 53.42 | OK | |
r-release-linux-x86_64 | 2.1-4 | 2.86 | 48.88 | 51.74 | OK | |
r-release-macos-arm64 | 2.1-4 | 39.00 | OK | |||
r-release-macos-x86_64 | 2.1-4 | 68.00 | OK | |||
r-release-windows-x86_64 | 2.1-4 | 4.00 | 101.00 | 105.00 | OK | |
r-oldrel-macos-arm64 | 2.1-4 | 34.00 | OK | |||
r-oldrel-macos-x86_64 | 2.1-4 | 94.00 | OK | |||
r-oldrel-windows-x86_64 | 2.1-4 | 4.00 | 101.00 | 105.00 | OK |
Version: 2.1-4
Check: CRAN incoming feasibility
Result: NOTE
Maintainer: ‘Farzad Noorian <farzad.noorian@gmail.com>’
No Authors@R field in DESCRIPTION.
Please add one, modifying
Authors@R: c(person(given = "Farzad",
family = "Noorian",
role = c("aut", "cre"),
email = "farzad.noorian@gmail.com"),
person(given = c("Anthony", "Mihirana"),
family = "de Silva",
role = "aut"))
as necessary.
Flavors: r-devel-linux-x86_64-debian-clang, r-devel-linux-x86_64-debian-gcc