CRAN Package Check Results for Package hR

Last updated on 2025-05-22 05:51:04 CEST.

Flavor Version Tinstall Tcheck Ttotal Status Flags
r-devel-linux-x86_64-debian-clang 0.3.0 2.12 26.38 28.50 OK
r-devel-linux-x86_64-debian-gcc 0.3.0 1.45 20.77 22.22 OK
r-devel-linux-x86_64-fedora-clang 0.3.0 46.38 NOTE
r-devel-linux-x86_64-fedora-gcc 0.3.0 56.52 NOTE
r-devel-windows-x86_64 0.3.0 3.00 53.00 56.00 OK
r-patched-linux-x86_64 0.3.0 1.83 24.37 26.20 OK
r-release-linux-x86_64 0.3.0 2.14 24.42 26.56 OK
r-release-macos-arm64 0.3.0 31.00 OK
r-release-macos-x86_64 0.3.0 42.00 OK
r-release-windows-x86_64 0.3.0 3.00 68.00 71.00 OK
r-oldrel-macos-arm64 0.3.0 29.00 OK
r-oldrel-macos-x86_64 0.3.0 68.00 OK
r-oldrel-windows-x86_64 0.3.0 4.00 50.00 54.00 OK

Check Details

Version: 0.3.0
Check: dependencies in R code
Result: NOTE Namespace in Imports field not imported from: ‘knitr’ All declared Imports should be used. Flavors: r-devel-linux-x86_64-fedora-clang, r-devel-linux-x86_64-fedora-gcc