Last updated on 2025-07-21 05:51:01 CEST.
Flavor | Version | Tinstall | Tcheck | Ttotal | Status | Flags |
---|---|---|---|---|---|---|
r-devel-linux-x86_64-debian-clang | 1.0.0 | 48.21 | 82.58 | 130.79 | OK | |
r-devel-linux-x86_64-debian-gcc | 1.0.0 | 35.87 | 58.41 | 94.28 | OK | |
r-devel-linux-x86_64-fedora-clang | 1.0.0 | 215.98 | OK | |||
r-devel-linux-x86_64-fedora-gcc | 1.0.0 | 205.11 | OK | |||
r-devel-windows-x86_64 | 1.0.0 | 60.00 | 113.00 | 173.00 | OK | |
r-patched-linux-x86_64 | 1.0.0 | 55.94 | 75.32 | 131.26 | OK | |
r-release-linux-x86_64 | 1.0.0 | 49.29 | 75.12 | 124.41 | OK | |
r-release-macos-arm64 | 1.0.0 | 64.00 | OK | |||
r-release-macos-x86_64 | 1.0.0 | 97.00 | OK | |||
r-release-windows-x86_64 | 1.0.0 | 64.00 | 110.00 | 174.00 | OK | |
r-oldrel-macos-arm64 | 1.0.0 | 59.00 | NOTE | |||
r-oldrel-macos-x86_64 | 1.0.0 | 77.00 | NOTE | |||
r-oldrel-windows-x86_64 | 1.0.0 | 75.00 | 142.00 | 217.00 | OK |
Version: 1.0.0
Check: installed package size
Result: NOTE
installed size is 5.8Mb
sub-directories of 1Mb or more:
data 3.0Mb
libs 2.5Mb
Flavors: r-oldrel-macos-arm64, r-oldrel-macos-x86_64