Last updated on 2024-06-17 05:48:59 CEST.
Flavor | Version | Tinstall | Tcheck | Ttotal | Status | Flags |
---|---|---|---|---|---|---|
r-devel-linux-x86_64-debian-clang | 0.1-9 | 11.75 | 199.92 | 211.67 | NOTE | |
r-devel-linux-x86_64-debian-gcc | 0.1-9 | 9.01 | 145.22 | 154.23 | NOTE | |
r-devel-linux-x86_64-fedora-clang | 0.1-9 | 253.66 | NOTE | |||
r-devel-linux-x86_64-fedora-gcc | 0.1-9 | 256.73 | NOTE | |||
r-devel-windows-x86_64 | 0.1-9 | 10.00 | 163.00 | 173.00 | NOTE | |
r-patched-linux-x86_64 | 0.1-9 | 15.07 | 198.35 | 213.42 | NOTE | |
r-release-linux-x86_64 | 0.1-9 | 8.76 | 197.98 | 206.74 | NOTE | |
r-release-macos-arm64 | 0.1-9 | 68.00 | NOTE | |||
r-release-macos-x86_64 | 0.1-9 | 109.00 | NOTE | |||
r-release-windows-x86_64 | 0.1-9 | 11.00 | 163.00 | 174.00 | NOTE | |
r-oldrel-macos-arm64 | 0.1-9 | 79.00 | OK | |||
r-oldrel-macos-x86_64 | 0.1-9 | 135.00 | OK | |||
r-oldrel-windows-x86_64 | 0.1-9 | 13.00 | 221.00 | 234.00 | OK |
Version: 0.1-9
Check: Rd files
Result: NOTE
checkRd: (-1) lasso.proj.Rd:62: Lost braces; missing escapes or markup?
62 | indicated using an index vector with entries in {1,...,p} or a list thereof.}
| ^
Flavors: r-devel-linux-x86_64-debian-clang, r-devel-linux-x86_64-debian-gcc, r-devel-linux-x86_64-fedora-clang, r-devel-linux-x86_64-fedora-gcc, r-devel-windows-x86_64, r-patched-linux-x86_64, r-release-linux-x86_64, r-release-macos-arm64, r-release-macos-x86_64, r-release-windows-x86_64