Last updated on 2025-05-19 05:50:00 CEST.
Flavor | Version | Tinstall | Tcheck | Ttotal | Status | Flags |
---|---|---|---|---|---|---|
r-devel-linux-x86_64-debian-clang | 2.1.1 | 122.11 | 435.00 | 557.11 | OK | |
r-devel-linux-x86_64-debian-gcc | 2.1.1 | 89.01 | 228.79 | 317.80 | OK | |
r-devel-linux-x86_64-fedora-clang | 2.1.1 | 935.26 | OK | |||
r-devel-linux-x86_64-fedora-gcc | 2.1.1 | 1009.14 | OK | |||
r-devel-windows-x86_64 | 2.1.1 | 121.00 | 348.00 | 469.00 | OK | |
r-patched-linux-x86_64 | 2.1.1 | 123.08 | 428.42 | 551.50 | OK | |
r-release-linux-x86_64 | 2.1.1 | 120.90 | 427.94 | 548.84 | OK | |
r-release-macos-arm64 | 2.1.1 | 263.00 | OK | |||
r-release-macos-x86_64 | 2.1.1 | 532.00 | OK | |||
r-release-windows-x86_64 | 2.1.1 | 118.00 | 336.00 | 454.00 | OK | |
r-oldrel-macos-arm64 | 2.1.1 | 251.00 | NOTE | |||
r-oldrel-macos-x86_64 | 2.1.1 | 422.00 | NOTE | |||
r-oldrel-windows-x86_64 | 2.1.1 | 149.00 | 574.00 | 723.00 | OK |
Version: 2.1.1
Check: installed package size
Result: NOTE
installed size is 11.5Mb
sub-directories of 1Mb or more:
libs 10.6Mb
Flavors: r-oldrel-macos-arm64, r-oldrel-macos-x86_64