Last updated on 2025-04-30 05:49:44 CEST.
Flavor | Version | Tinstall | Tcheck | Ttotal | Status | Flags |
---|---|---|---|---|---|---|
r-devel-linux-x86_64-debian-clang | 3.41 | 5.31 | 44.92 | 50.23 | NOTE | |
r-devel-linux-x86_64-debian-gcc | 3.41 | 3.42 | 31.43 | 34.85 | NOTE | |
r-devel-linux-x86_64-fedora-clang | 3.41 | 70.88 | OK | |||
r-devel-linux-x86_64-fedora-gcc | 3.41 | 65.29 | OK | |||
r-devel-windows-x86_64 | 3.41 | 6.00 | 59.00 | 65.00 | OK | |
r-patched-linux-x86_64 | 3.41 | 4.49 | 42.48 | 46.97 | OK | |
r-release-linux-x86_64 | 3.41 | 4.58 | 41.42 | 46.00 | OK | |
r-release-macos-arm64 | 3.41 | 27.00 | OK | |||
r-release-macos-x86_64 | 3.41 | 40.00 | OK | |||
r-release-windows-x86_64 | 3.41 | 7.00 | 59.00 | 66.00 | OK | |
r-oldrel-macos-arm64 | 3.41 | 23.00 | OK | |||
r-oldrel-macos-x86_64 | 3.41 | 35.00 | OK | |||
r-oldrel-windows-x86_64 | 3.41 | 8.00 | 68.00 | 76.00 | OK |
Version: 3.41
Check: CRAN incoming feasibility
Result: NOTE
Maintainer: ‘Christian E. Galarza <cgalarza88@gmail.com>’
No Authors@R field in DESCRIPTION.
Please add one, modifying
Authors@R: c(person(given = c("Christian", "E."),
family = "Galarza",
role = c("aut", "cre"),
email = "cgalarza88@gmail.com"),
person(given = c("Jonathan", "M."),
family = "Olate",
role = "aut"))
as necessary.
Flavors: r-devel-linux-x86_64-debian-clang, r-devel-linux-x86_64-debian-gcc