CRAN Package Check Results for Package hset

Last updated on 2025-07-21 05:51:01 CEST.

Flavor Version Tinstall Tcheck Ttotal Status Flags
r-devel-linux-x86_64-debian-clang 0.1.1 3.16 23.28 26.44 NOTE
r-devel-linux-x86_64-debian-gcc 0.1.1 2.45 18.39 20.84 NOTE
r-devel-linux-x86_64-fedora-clang 0.1.1 38.03 OK
r-devel-linux-x86_64-fedora-gcc 0.1.1 37.08 OK
r-devel-windows-x86_64 0.1.1 4.00 43.00 47.00 OK
r-patched-linux-x86_64 0.1.1 3.21 21.84 25.05 OK
r-release-linux-x86_64 0.1.1 2.82 22.04 24.86 OK
r-release-macos-arm64 0.1.1 20.00 OK
r-release-macos-x86_64 0.1.1 26.00 OK
r-release-windows-x86_64 0.1.1 4.00 43.00 47.00 OK
r-oldrel-macos-arm64 0.1.1 15.00 OK
r-oldrel-macos-x86_64 0.1.1 31.00 OK
r-oldrel-windows-x86_64 0.1.1 4.00 48.00 52.00 OK

Check Details

Version: 0.1.1
Check: CRAN incoming feasibility
Result: NOTE Maintainer: ‘Giacomo Ceoldo <giacomo.ceoldo@usi.ch>’ The Description field contains <arXiv:2304.09809>. Please refer to arXiv e-prints via their arXiv DOI <doi:10.48550/arXiv.YYMM.NNNNN>. Flavors: r-devel-linux-x86_64-debian-clang, r-devel-linux-x86_64-debian-gcc