CRAN Package Check Results for Package httping

Last updated on 2025-07-27 05:48:33 CEST.

Flavor Version Tinstall Tcheck Ttotal Status Flags
r-devel-linux-x86_64-debian-clang 0.2.0 3.36 32.14 35.50 NOTE
r-devel-linux-x86_64-debian-gcc 0.2.0 2.42 25.90 28.32 NOTE
r-devel-linux-x86_64-fedora-clang 0.2.0 51.53 OK
r-devel-linux-x86_64-fedora-gcc 0.2.0 51.29 OK
r-devel-windows-x86_64 0.2.0 6.00 62.00 68.00 OK
r-patched-linux-x86_64 0.2.0 3.40 30.27 33.67 OK
r-release-linux-x86_64 0.2.0 3.39 29.83 33.22 OK
r-release-macos-arm64 0.2.0 24.00 OK
r-release-macos-x86_64 0.2.0 38.00 OK
r-release-windows-x86_64 0.2.0 4.00 56.00 60.00 OK
r-oldrel-macos-arm64 0.2.0 22.00 OK
r-oldrel-macos-x86_64 0.2.0 30.00 OK
r-oldrel-windows-x86_64 0.2.0 6.00 61.00 67.00 OK

Check Details

Version: 0.2.0
Check: CRAN incoming feasibility
Result: NOTE Maintainer: ‘Scott Chamberlain <myrmecocystus@gmail.com>’ Found the following (possibly) invalid file URI: URI: CODE_OF_CONDUCT.md From: README.md Flavors: r-devel-linux-x86_64-debian-clang, r-devel-linux-x86_64-debian-gcc