Last updated on 2025-11-24 04:49:58 CET.
| Flavor | Version | Tinstall | Tcheck | Ttotal | Status | Flags |
|---|---|---|---|---|---|---|
| r-devel-linux-x86_64-debian-clang | 0.1 | 3.20 | 31.59 | 34.79 | OK | |
| r-devel-linux-x86_64-debian-gcc | 0.1 | 2.71 | 24.96 | 27.67 | OK | |
| r-devel-linux-x86_64-fedora-clang | 0.1 | 15.00 | 41.05 | 56.05 | OK | |
| r-devel-linux-x86_64-fedora-gcc | 0.1 | 49.65 | OK | |||
| r-devel-windows-x86_64 | 0.1 | 7.00 | 48.00 | 55.00 | OK | |
| r-patched-linux-x86_64 | 0.1 | 3.40 | 30.11 | 33.51 | OK | |
| r-release-linux-x86_64 | 0.1 | 3.54 | 30.36 | 33.90 | OK | |
| r-release-macos-arm64 | 0.1 | OK | ||||
| r-release-macos-x86_64 | 0.1 | 5.00 | 37.00 | 42.00 | OK | |
| r-release-windows-x86_64 | 0.1 | 5.00 | 48.00 | 53.00 | OK | |
| r-oldrel-macos-arm64 | 0.1 | NOTE | ||||
| r-oldrel-macos-x86_64 | 0.1 | 3.00 | 27.00 | 30.00 | NOTE | |
| r-oldrel-windows-x86_64 | 0.1 | 7.00 | 55.00 | 62.00 | NOTE |
Version: 0.1
Check: LazyData
Result: NOTE
'LazyData' is specified without a 'data' directory
Flavors: r-oldrel-macos-arm64, r-oldrel-macos-x86_64, r-oldrel-windows-x86_64