CRAN Package Check Results for Package indirect

Last updated on 2025-10-11 05:50:12 CEST.

Flavor Version Tinstall Tcheck Ttotal Status Flags
r-devel-linux-x86_64-debian-clang 0.2.1 2.41 36.46 38.87 NOTE
r-devel-linux-x86_64-debian-gcc 0.2.1 1.76 28.34 30.10 NOTE
r-devel-linux-x86_64-fedora-clang 0.2.1 57.19 OK
r-devel-linux-x86_64-fedora-gcc 0.2.1 65.91 OK
r-devel-windows-x86_64 0.2.1 4.00 71.00 75.00 OK
r-patched-linux-x86_64 0.2.1 2.60 34.96 37.56 OK
r-release-linux-x86_64 0.2.1 2.30 35.18 37.48 OK
r-release-macos-arm64 0.2.1 31.00 OK
r-release-macos-x86_64 0.2.1 62.00 OK
r-release-windows-x86_64 0.2.1 4.00 72.00 76.00 OK
r-oldrel-macos-arm64 0.2.1 28.00 OK
r-oldrel-macos-x86_64 0.2.1 42.00 OK
r-oldrel-windows-x86_64 0.2.1 4.00 74.00 78.00 OK

Check Details

Version: 0.2.1
Check: CRAN incoming feasibility
Result: NOTE Maintainer: ‘Geoff Hosack <geoff.hosack@csiro.au>’ No Authors@R field in DESCRIPTION. Please add one, modifying Authors@R: c(person(given = c("Geoffrey", "R."), family = "Hosack", role = "aut"), person(given = "Geoff", family = "Hosack", role = "cre", email = "geoff.hosack@csiro.au")) as necessary. Flavors: r-devel-linux-x86_64-debian-clang, r-devel-linux-x86_64-debian-gcc