CRAN Package Check Results for Package influxdbclient

Last updated on 2025-07-20 05:48:25 CEST.

Flavor Version Tinstall Tcheck Ttotal Status Flags
r-devel-linux-x86_64-debian-clang 0.1.2 14.66 51.04 65.70 NOTE
r-devel-linux-x86_64-debian-gcc 0.1.2 8.72 37.48 46.20 NOTE
r-devel-linux-x86_64-fedora-clang 0.1.2 100.58 OK
r-devel-linux-x86_64-fedora-gcc 0.1.2 94.83 OK
r-devel-windows-x86_64 0.1.2 15.00 72.00 87.00 OK
r-patched-linux-x86_64 0.1.2 14.53 47.84 62.37 OK
r-release-linux-x86_64 0.1.2 13.06 47.47 60.53 OK
r-release-macos-arm64 0.1.2 40.00 OK
r-release-macos-x86_64 0.1.2 64.00 OK
r-release-windows-x86_64 0.1.2 14.00 73.00 87.00 OK
r-oldrel-macos-arm64 0.1.2 35.00 OK
r-oldrel-macos-x86_64 0.1.2 49.00 OK
r-oldrel-windows-x86_64 0.1.2 18.00 82.00 100.00 OK

Check Details

Version: 0.1.2
Check: CRAN incoming feasibility
Result: NOTE Maintainer: ‘Ales Pour <ales.pour@bonitoo.io>’ No Authors@R field in DESCRIPTION. Please add one, modifying Authors@R: person(given = "Ales", family = "Pour", role = c("aut", "cre"), email = "ales.pour@bonitoo.io") as necessary. Flavors: r-devel-linux-x86_64-debian-clang, r-devel-linux-x86_64-debian-gcc