Last updated on 2025-05-21 05:51:53 CEST.
Flavor | Version | Tinstall | Tcheck | Ttotal | Status | Flags |
---|---|---|---|---|---|---|
r-devel-linux-x86_64-debian-clang | 2.12.0 | 21.63 | 239.99 | 261.62 | OK | |
r-devel-linux-x86_64-debian-gcc | 2.12.0 | 14.10 | 164.24 | 178.34 | OK | |
r-devel-linux-x86_64-fedora-clang | 2.12.0 | 462.81 | OK | |||
r-devel-linux-x86_64-fedora-gcc | 2.12.0 | 478.39 | OK | |||
r-devel-windows-x86_64 | 2.12.0 | 24.00 | 276.00 | 300.00 | OK | |
r-patched-linux-x86_64 | 2.12.0 | 25.07 | 224.89 | 249.96 | OK | |
r-release-linux-x86_64 | 2.12.0 | 22.97 | 225.22 | 248.19 | OK | |
r-release-macos-arm64 | 2.12.0 | 141.00 | OK | |||
r-release-macos-x86_64 | 2.12.0 | 232.00 | OK | |||
r-release-windows-x86_64 | 2.12.0 | 25.00 | 256.00 | 281.00 | OK | |
r-oldrel-macos-arm64 | 2.12.0 | 120.00 | NOTE | |||
r-oldrel-macos-x86_64 | 2.12.0 | 264.00 | NOTE | |||
r-oldrel-windows-x86_64 | 2.12.0 | 32.00 | 314.00 | 346.00 | OK |
Version: 2.12.0
Check: package dependencies
Result: NOTE
Package suggested but not available for checking: ‘INLA’
Flavors: r-oldrel-macos-arm64, r-oldrel-macos-x86_64