Last updated on 2025-10-27 04:50:05 CET.
| Flavor | Version | Tinstall | Tcheck | Ttotal | Status | Flags |
|---|---|---|---|---|---|---|
| r-devel-linux-x86_64-debian-clang | 0.8.0 | 14.49 | 127.44 | 141.93 | OK | |
| r-devel-linux-x86_64-debian-gcc | 0.8.0 | 9.01 | 82.89 | 91.90 | OK | |
| r-devel-linux-x86_64-fedora-clang | 0.8.0 | 63.00 | 141.35 | 204.35 | OK | |
| r-devel-linux-x86_64-fedora-gcc | 0.8.0 | 42.00 | 155.23 | 197.23 | OK | |
| r-devel-windows-x86_64 | 0.8.0 | 18.00 | 123.00 | 141.00 | OK | |
| r-patched-linux-x86_64 | 0.8.0 | 14.74 | 108.16 | 122.90 | OK | |
| r-release-linux-x86_64 | 0.8.0 | 13.98 | 102.87 | 116.85 | OK | |
| r-release-macos-arm64 | 0.8.0 | 6.00 | 60.00 | 66.00 | OK | |
| r-release-macos-x86_64 | 0.8.0 | 10.00 | 122.00 | 132.00 | OK | |
| r-release-windows-x86_64 | 0.8.0 | 20.00 | 124.00 | 144.00 | OK | |
| r-oldrel-macos-arm64 | 0.8.0 | 7.00 | 54.00 | 61.00 | NOTE | |
| r-oldrel-macos-x86_64 | 0.8.0 | 14.00 | 107.00 | 121.00 | NOTE | |
| r-oldrel-windows-x86_64 | 0.8.0 | 22.00 | 182.00 | 204.00 | NOTE |
Version: 0.8.0
Check: LazyData
Result: NOTE
'LazyData' is specified without a 'data' directory
Flavors: r-oldrel-macos-arm64, r-oldrel-macos-x86_64, r-oldrel-windows-x86_64