CRAN Package Check Results for Package ivitr

Last updated on 2025-05-06 05:50:44 CEST.

Flavor Version Tinstall Tcheck Ttotal Status Flags
r-devel-linux-x86_64-debian-clang 0.1.0 2.44 32.25 34.69 NOTE
r-devel-linux-x86_64-debian-gcc 0.1.0 1.85 24.80 26.65 NOTE
r-devel-linux-x86_64-fedora-clang 0.1.0 54.67 OK
r-devel-linux-x86_64-fedora-gcc 0.1.0 53.09 OK
r-devel-windows-x86_64 0.1.0 4.00 51.00 55.00 OK
r-patched-linux-x86_64 0.1.0 2.50 30.38 32.88 OK
r-release-linux-x86_64 0.1.0 2.22 29.99 32.21 OK
r-release-macos-arm64 0.1.0 29.00 OK
r-release-macos-x86_64 0.1.0 38.00 OK
r-release-windows-x86_64 0.1.0 4.00 53.00 57.00 OK
r-oldrel-macos-arm64 0.1.0 25.00 NOTE
r-oldrel-macos-x86_64 0.1.0 32.00 NOTE
r-oldrel-windows-x86_64 0.1.0 5.00 58.00 63.00 NOTE

Check Details

Version: 0.1.0
Check: CRAN incoming feasibility
Result: NOTE Maintainer: ‘Bo Zhang <bozhan@wharton.upenn.edu>’ No Authors@R field in DESCRIPTION. Please add one, modifying Authors@R: person(given = "Bo", family = "Zhang", role = c("aut", "cre"), email = "bozhan@wharton.upenn.edu") as necessary. The Description field contains identification assumptions. Please refer to <arXiv:2002.02579> for more Please refer to arXiv e-prints via their arXiv DOI <doi:10.48550/arXiv.YYMM.NNNNN>. Flavors: r-devel-linux-x86_64-debian-clang, r-devel-linux-x86_64-debian-gcc

Version: 0.1.0
Check: package dependencies
Result: NOTE Package suggested but not available for checking: ‘locClass’ Flavors: r-oldrel-macos-arm64, r-oldrel-macos-x86_64, r-oldrel-windows-x86_64