Last updated on 2025-10-31 04:50:50 CET.
| Flavor | Version | Tinstall | Tcheck | Ttotal | Status | Flags | 
|---|---|---|---|---|---|---|
| r-devel-linux-x86_64-debian-clang | 2.1.0 | 45.94 | 28.49 | 74.43 | WARN | |
| r-devel-linux-x86_64-debian-gcc | 2.1.0 | 19.69 | 22.10 | 41.79 | WARN | |
| r-devel-linux-x86_64-fedora-clang | 2.1.0 | 68.00 | 37.66 | 105.66 | NOTE | |
| r-devel-linux-x86_64-fedora-gcc | 2.1.0 | 56.00 | 29.87 | 85.87 | NOTE | |
| r-devel-windows-x86_64 | 2.1.0 | 32.00 | 63.00 | 95.00 | NOTE | |
| r-patched-linux-x86_64 | 2.1.0 | 28.07 | 26.82 | 54.89 | NOTE | |
| r-release-linux-x86_64 | 2.1.0 | 26.66 | 26.82 | 53.48 | NOTE | |
| r-release-macos-arm64 | 2.1.0 | 13.00 | 20.00 | 33.00 | NOTE | |
| r-release-macos-x86_64 | 2.1.0 | 16.00 | 30.00 | 46.00 | NOTE | |
| r-release-windows-x86_64 | 2.1.0 | 32.00 | 62.00 | 94.00 | NOTE | |
| r-oldrel-macos-arm64 | 2.1.0 | 11.00 | 18.00 | 29.00 | NOTE | |
| r-oldrel-macos-x86_64 | 2.1.0 | 11.00 | 22.00 | 33.00 | NOTE | |
| r-oldrel-windows-x86_64 | 2.1.0 | 38.00 | 80.00 | 118.00 | NOTE | 
Version: 2.1.0
Check: CRAN incoming feasibility
Result: NOTE
  Maintainer: ‘Andrew Ying <aying9339@gmail.com>’
  
  No Authors@R field in DESCRIPTION.
  Please add one, modifying
    Authors@R: person(given = "Andrew",
                      family = "Ying",
                      role = c("aut", "cre"),
                      email = "aying9339@gmail.com")
  as necessary.
Flavors: r-devel-linux-x86_64-debian-clang, r-devel-linux-x86_64-debian-gcc
Version: 2.1.0
Check: whether package can be installed
Result: WARN
  Found the following significant warnings:
    /home/hornik/tmp/R.check/r-devel-clang/Work/build/Packages/RcppArmadillo/include/RcppArmadillo/version/arma.h:66:17: warning: Using fallback compilation with Armadillo 14.6.3. Please consider defining -DARMA_USE_CURRENT and also removing C++11 compilation directive. See GitHub issue #475 for more. [-W#pragma-messages]
  See ‘/home/hornik/tmp/R.check/r-devel-clang/Work/PKGS/ivsacim.Rcheck/00install.out’ for details.
  * used C++ compiler: ‘Debian clang version 19.1.7 (7)’
Flavor: r-devel-linux-x86_64-debian-clang
Version: 2.1.0
Check: C++ specification
Result: NOTE
    Specified C++11: please drop specification unless essential
Flavors: r-devel-linux-x86_64-debian-clang, r-devel-linux-x86_64-debian-gcc, r-devel-linux-x86_64-fedora-clang, r-devel-linux-x86_64-fedora-gcc, r-devel-windows-x86_64, r-patched-linux-x86_64, r-release-linux-x86_64, r-release-macos-arm64, r-release-macos-x86_64, r-release-windows-x86_64, r-oldrel-macos-arm64, r-oldrel-macos-x86_64, r-oldrel-windows-x86_64
Version: 2.1.0
Check: whether package can be installed
Result: WARN
  Found the following significant warnings:
    /home/hornik/tmp/R.check/r-devel-gcc/Work/build/Packages/RcppArmadillo/include/RcppArmadillo/version/arma.h:66:199: note: ‘#pragma message: Using fallback compilation with Armadillo 14.6.3. Please consider defining -DARMA_USE_CURRENT and also removing C++11 compilation directive. See GitHub issue #475 for more.’
  See ‘/home/hornik/tmp/R.check/r-devel-gcc/Work/PKGS/ivsacim.Rcheck/00install.out’ for details.
  * used C++ compiler: ‘g++-15 (Debian 15.2.0-4) 15.2.0’
Flavor: r-devel-linux-x86_64-debian-gcc