Last updated on 2025-05-22 05:51:05 CEST.
Flavor | Version | Tinstall | Tcheck | Ttotal | Status | Flags |
---|---|---|---|---|---|---|
r-devel-linux-x86_64-debian-clang | 0.1.0 | 1.58 | 21.73 | 23.31 | NOTE | |
r-devel-linux-x86_64-debian-gcc | 0.1.0 | 1.38 | 18.03 | 19.41 | NOTE | |
r-devel-linux-x86_64-fedora-clang | 0.1.0 | 37.96 | OK | |||
r-devel-linux-x86_64-fedora-gcc | 0.1.0 | 50.96 | OK | |||
r-devel-windows-x86_64 | 0.1.0 | 3.00 | 61.00 | 64.00 | OK | |
r-patched-linux-x86_64 | 0.1.0 | 1.35 | 21.10 | 22.45 | OK | |
r-release-linux-x86_64 | 0.1.0 | 1.39 | 21.30 | 22.69 | OK | |
r-release-macos-arm64 | 0.1.0 | 24.00 | OK | |||
r-release-macos-x86_64 | 0.1.0 | 47.00 | OK | |||
r-release-windows-x86_64 | 0.1.0 | 2.00 | 91.00 | 93.00 | OK | |
r-oldrel-macos-arm64 | 0.1.0 | 24.00 | OK | |||
r-oldrel-macos-x86_64 | 0.1.0 | 33.00 | OK | |||
r-oldrel-windows-x86_64 | 0.1.0 | 3.00 | 53.00 | 56.00 | OK |
Version: 0.1.0
Check: CRAN incoming feasibility
Result: NOTE
Maintainer: ‘Navid Ahmadinejad <navidfr@asu.edu>’
The Description field contains
<arXiv:2109.01306>.
Please refer to arXiv e-prints via their arXiv DOI <doi:10.48550/arXiv.YYMM.NNNNN>.
Flavors: r-devel-linux-x86_64-debian-clang, r-devel-linux-x86_64-debian-gcc