Last updated on 2025-05-21 05:51:54 CEST.
Flavor | Version | Tinstall | Tcheck | Ttotal | Status | Flags |
---|---|---|---|---|---|---|
r-devel-linux-x86_64-debian-clang | 0.1.0 | 11.00 | 104.22 | 115.22 | OK | |
r-devel-linux-x86_64-debian-gcc | 0.1.0 | 6.15 | 73.05 | 79.20 | OK | |
r-devel-linux-x86_64-fedora-clang | 0.1.0 | 177.79 | OK | |||
r-devel-linux-x86_64-fedora-gcc | 0.1.0 | 182.95 | OK | |||
r-devel-windows-x86_64 | 0.1.0 | 12.00 | 139.00 | 151.00 | OK | |
r-patched-linux-x86_64 | 0.1.0 | 8.31 | 95.47 | 103.78 | OK | |
r-release-linux-x86_64 | 0.1.0 | 9.35 | 95.60 | 104.95 | OK | |
r-release-macos-arm64 | 0.1.0 | 51.00 | OK | |||
r-release-macos-x86_64 | 0.1.0 | 127.00 | OK | |||
r-release-windows-x86_64 | 0.1.0 | 12.00 | 115.00 | 127.00 | OK | |
r-oldrel-macos-arm64 | 0.1.0 | 52.00 | NOTE | |||
r-oldrel-macos-x86_64 | 0.1.0 | 77.00 | NOTE | |||
r-oldrel-windows-x86_64 | 0.1.0 | 15.00 | 138.00 | 153.00 | NOTE |
Version: 0.1.0
Check: package dependencies
Result: NOTE
Package suggested but not available for checking: ‘RGeostats’
Flavors: r-oldrel-macos-arm64, r-oldrel-macos-x86_64, r-oldrel-windows-x86_64