Last updated on 2025-07-20 05:48:26 CEST.
Flavor | Version | Tinstall | Tcheck | Ttotal | Status | Flags |
---|---|---|---|---|---|---|
r-devel-linux-x86_64-debian-clang | 0.5.1 | 5.82 | 40.39 | 46.21 | NOTE | |
r-devel-linux-x86_64-debian-gcc | 0.5.1 | 3.98 | 29.91 | 33.89 | NOTE | |
r-devel-linux-x86_64-fedora-clang | 0.5.1 | 67.21 | OK | |||
r-devel-linux-x86_64-fedora-gcc | 0.5.1 | 63.83 | OK | |||
r-devel-windows-x86_64 | 0.5.1 | 6.00 | 60.00 | 66.00 | OK | |
r-patched-linux-x86_64 | 0.5.1 | 5.36 | 37.37 | 42.73 | OK | |
r-release-linux-x86_64 | 0.5.1 | 4.49 | 37.43 | 41.92 | OK | |
r-release-macos-arm64 | 0.5.1 | 30.00 | OK | |||
r-release-macos-x86_64 | 0.5.1 | 43.00 | OK | |||
r-release-windows-x86_64 | 0.5.1 | 7.00 | 56.00 | 63.00 | OK | |
r-oldrel-macos-arm64 | 0.5.1 | 27.00 | OK | |||
r-oldrel-macos-x86_64 | 0.5.1 | 40.00 | OK | |||
r-oldrel-windows-x86_64 | 0.5.1 | 8.00 | 66.00 | 74.00 | OK |
Version: 0.5.1
Check: CRAN incoming feasibility
Result: NOTE
Maintainer: ‘Jordan S Read <jread@usgs.gov>’
No Authors@R field in DESCRIPTION.
Please add one, modifying
Authors@R: person(given = c("Jordan", "S"),
family = "Read",
role = c("aut", "cre"),
email = "jread@usgs.gov")
as necessary.
Package CITATION file contains call(s) to old-style personList() or
as.personList(). Please use c() on person objects instead.
Package CITATION file contains call(s) to old-style citEntry(). Please
use bibentry() instead.
The Description field contains
(http://www.laketemperature.org). See citation('laketemps') for dataset
Please enclose URLs in angle brackets (<...>).
Flavors: r-devel-linux-x86_64-debian-clang, r-devel-linux-x86_64-debian-gcc